{"id":395,"date":"2018-05-04T18:57:09","date_gmt":"2018-05-04T16:57:09","guid":{"rendered":"http:\/\/www.mc-data.it\/?page_id=395"},"modified":"2022-10-19T18:54:20","modified_gmt":"2022-10-19T16:54:20","slug":"informativa-sulla-privacy","status":"publish","type":"page","link":"https:\/\/www.mc-data.it\/?page_id=395","title":{"rendered":"Note Legali e Privacy"},"content":{"rendered":"<div class=\"entry-content\"><\/div>\n<div class=\"entry-content\">\n<h1 style=\"text-align: center;\">INFORMATIVA SULLA PRIVACY<\/h1>\n<p>In questa pagina potete trovare informazioni relative alle modalit\u00e0 di gestione del sito web http:\/\/www.mc-data.it (di seguito Sito) con riferimento al trattamento dei dati personali degli utenti che lo consultano. La presente informativa viene fornita ai sensi dell\u2019art. 13 del Regolamento UE n. 2016\/679 (di seguito \u201cGDPR 2016\/679\u201d) esclusivamente per il presente sito web e non anche per altri siti web eventualmente consultati dall\u2019utente tramite link disponibili sul sito stesso. I testi, le informazioni, gli altri dati pubblicati o accessibili tramite form in questo sito hanno esclusivamente scopo informativo e non rivestono carattere di ufficialit\u00e0, salvo ove diversamente disposto ai sensi della vigente normativa.<\/p>\n<h2 style=\"text-align: left;\">TITOLARE DEL TRATTAMENTO<\/h2>\n<p>La consultazione del sito pu\u00f2 comportare il trattamento di dati relativi ad utenti identificati o identificabili. Il Titolare del trattamento \u00e8 la MCData di Massimo Cafasso, con sede in via A. Massena, 59, 10128 Torino (di seguito MCData).<\/p>\n<p><strong>LUOGO DI TRATTAMENTO DEI DATI<\/strong><br \/>\nI trattamenti derivanti da questo sito hanno luogo presso la sede del Titolare e sono curati solo da personale incaricato del trattamento. Nessun dato derivante dal sito viene comunicato o diffuso.<\/p>\n<p><strong>TIPI DI DATI TRATTATI E FINALIT\u00c0 DEL RELATIVO TRATTAMENTO<\/strong><br \/>\n<em><strong> Dati di navigazione<\/strong><\/em><br \/>\nDurante la navigazione sul presente Sito i sistemi informatici e le procedure software che presiedono al funzionamento del sito stesso raccolgono alcuni dati la cui trasmissione \u00e8 implicita nell\u2019uso dei protocolli di comunicazione Internet. Esempi di questa tipologia di dati sono gli indirizzi IP o i nomi a dominio dei computer utilizzati dagli utenti che si collegano al sito, gli indirizzi URI (Uniform Resource Identifier) delle risorse richieste, l\u2019orario della richiesta, il metodo utilizzato nel sottoporre la richiesta al server, la dimensione del file ottenuto in risposta, il codice numerico che indica la risposta data dal server (buon fine, errore, ecc.) ed altre informazioni relative al sistema operativo e all\u2019ambiente informatico dell\u2019utente. I dati di cui sopra, pur non essendo di per s\u00e9 riconducibili ad utenti identificati, permettono di identificare gli utenti a cui si riferiscono attraverso rielaborazioni con dati in possesso di terzi ( polizia, provider \u2026). Essi possono tuttavia essere utilizzati da MCData al solo fine di elaborare statistiche anonime sulla consultazione del sito e di controllare il corretto funzionamento di quest\u2019ultimo. Tali dati possono inoltre essere utilizzati per l\u2019accertamento di responsabilit\u00e0 in caso di ipotetici reati informatici ai danni del sito.<\/p>\n<p><em><strong>Dati forniti volontariamente dall\u2019utente<\/strong><\/em><br \/>\nLa raccolta di dati personali degli utenti\/clienti pu\u00f2 avvenire in maniera volontaria, attraverso l\u2019invio di posta elettronica agli indirizzi riportati o attraverso la compilazione e invio dei moduli elettronici presenti sullo stesso da parte degli utenti. L\u2019invio di posta elettronica comporta da parte del Titolare del trattamento dei dati., la raccolta dell\u2019indirizzo e-mail del mittente, necessario per rispondere alla richiesta, nonch\u00e9 degli eventuali altri dati personali contenuti nella comunicazione. I dati personali raccolti attraverso questa modalit\u00e0 verranno utilizzati al solo fine di rispondere al messaggio di posta elettronica ricevuto e per eventuali successive comunicazioni correlate. La spedizione di moduli elettronici per richieste di informazioni comporta la raccolta da parte di MCData di dati personali inseriti nel modulo stesso. I dati personali raccolti attraverso questa modalit\u00e0 verranno utilizzati al solo fine di dare riscontro alla richiesta di informazioni o di contatto ricevuta e per eventuali successive comunicazioni correlate.<\/p>\n<h2 style=\"text-align: left;\">MODALIT\u00c0 DEL TRATTAMENTO E CONSERVAZIONE<\/h2>\n<p>I dati personali sono trattati con strumenti manuali ed automatizzati nel rispetto di quanto indicato nell&#8217;art. 32 GDPR 2016\/679 per il tempo strettamente necessario a conseguire gli scopi per cui sono stati raccolti. Specifiche misure di sicurezza sono adottate per prevenire la perdita dei dati, l\u2019uso illecito o non corretto e l\u2019accesso non autorizzato agli stessi.<\/p>\n<h2 class=\"titolointerno\" style=\"text-align: left;\">AMBITO DI DIFFUSIONE E COMUNICAZIONE<\/h2>\n<div>Informiamo inoltre che i dati raccolti sul presente Sito non saranno mai diffusi e non saranno oggetto di comunicazione a terzi senza Vostro esplicito consenso, salvo per doveri relativi alla pubblica sicurezza.<\/div>\n<\/div>\n<h2 style=\"text-align: left;\">TRASFERIMENTO DEI DATI PERSONALI<\/h2>\n<p>I dati raccolti sul Sito non saranno in alcun modo trasferiti n\u00e9 all&#8217;interno della Comunit\u00e0 Europea, n\u00e9 verso Paesi Terzi.<\/p>\n<div class=\"entry-content\">\n<h2 class=\"titolointerno\" style=\"text-align: left;\">DIRITTI DEGLI INTERESSATI<\/h2>\n<p>Ai sensi degli art. 15 e 22 del GDPR 2016\/679, gli utenti, in qualit\u00e0 di interessati del trattamento, cui si riferiscono i dati personali hanno il diritto in qualunque momento, rivolgendosi al Titolare del Trattamento,\u00a0 di ottenere la conferma dell\u2019esistenza o meno dei medesimi dati e di conoscerne la tipologia di dato, le finalit\u00e0, il contenuto e l\u2019origine, anche per verificarne l\u2019esattezza o chiederne l\u2019integrazione o l\u2019aggiornamento. Ai sensi dei medesimi articoli gli utenti hanno inoltre il diritto di opporsi al trattamento del dato che li riguarda, di chiederne la cancellazione, la rettifica, la trasformazione in forma anonima o il blocco dei dati trattati in violazione di legge, e di esercitare il diritto alla portabilit\u00e0, di la revocarne il consenso, nonch\u00e9 di opporsi in ogni caso, per motivi legittimi, al loro trattamento e di porre reclamo all&#8217;autorit\u00e0 competente. Le richieste vanno inviate a MCData di Massimo Cafasso, a mezzo email all&#8217;indirizzo info@mc-data.it<\/p>\n<\/div>\n","protected":false},"excerpt":{"rendered":"<p class=\"qua-blog-post-description\">INFORMATIVA SULLA PRIVACY In questa pagina potete trovare informazioni relative alle modalit\u00e0 di gestione del sito web http:\/\/www.mc-data.it (di seguito Sito) con riferimento al trattamento dei dati personali degli utenti che lo consultano. La presente informativa viene fornita ai sensi dell\u2019art. 13 del Regolamento UE n. 2016\/679 (di seguito \u201cGDPR 2016\/679\u201d) esclusivamente per il presente [&hellip;]<\/p>\n","protected":false},"author":1,"featured_media":0,"parent":0,"menu_order":0,"comment_status":"closed","ping_status":"closed","template":"","meta":{"om_disable_all_campaigns":false,"_monsterinsights_skip_tracking":false,"_monsterinsights_sitenote_active":false,"_monsterinsights_sitenote_note":"","_monsterinsights_sitenote_category":0,"jetpack_post_was_ever_published":false,"footnotes":""},"class_list":["post-395","page","type-page","status-publish","hentry"],"jetpack_sharing_enabled":true,"jetpack_shortlink":"https:\/\/wp.me\/P9p8lv-6n","jetpack_likes_enabled":true,"_links":{"self":[{"href":"https:\/\/www.mc-data.it\/index.php?rest_route=\/wp\/v2\/pages\/395","targetHints":{"allow":["GET"]}}],"collection":[{"href":"https:\/\/www.mc-data.it\/index.php?rest_route=\/wp\/v2\/pages"}],"about":[{"href":"https:\/\/www.mc-data.it\/index.php?rest_route=\/wp\/v2\/types\/page"}],"author":[{"embeddable":true,"href":"https:\/\/www.mc-data.it\/index.php?rest_route=\/wp\/v2\/users\/1"}],"replies":[{"embeddable":true,"href":"https:\/\/www.mc-data.it\/index.php?rest_route=%2Fwp%2Fv2%2Fcomments&post=395"}],"version-history":[{"count":13,"href":"https:\/\/www.mc-data.it\/index.php?rest_route=\/wp\/v2\/pages\/395\/revisions"}],"predecessor-version":[{"id":1215,"href":"https:\/\/www.mc-data.it\/index.php?rest_route=\/wp\/v2\/pages\/395\/revisions\/1215"}],"wp:attachment":[{"href":"https:\/\/www.mc-data.it\/index.php?rest_route=%2Fwp%2Fv2%2Fmedia&parent=395"}],"curies":[{"name":"wp","href":"https:\/\/api.w.org\/{rel}","templated":true}]}}