{"id":233,"date":"2017-05-08T16:33:52","date_gmt":"2017-05-08T14:33:52","guid":{"rendered":"http:\/\/www.steraptica.eu\/?page_id=233"},"modified":"2019-02-12T11:52:00","modified_gmt":"2019-02-12T10:52:00","slug":"competenze","status":"publish","type":"page","link":"https:\/\/www.mc-data.it\/?page_id=233","title":{"rendered":"Competenze"},"content":{"rendered":"<p>&nbsp;<\/p>\n<p>L&#8217;elenco riportato rappresenta una parte del CV delle competenze di MCData. Sicuramente vasto, ma non certamente completo. Spesso, per cercare di colpire un punto preciso si sacrifica una visione pi\u00f9 vasta ove si trova una zona grigia, pur se non puntualizzata, comunque appartenente alle competenze MCData, perci\u00f2, se non trovate ci\u00f2 che Vi serve, una Vostra richiesta di <a href=\"http:\/\/www.mc-data.it\/?page_id=230\">contatto <\/a>\u00e8 comunque sempre benvenuta.<\/p>\n<hr \/>\n<p><strong><em>Ambiente Server<\/em><\/strong><\/p>\n<p style=\"padding-left: 30px;\"><strong>Linux<\/strong>: RedHat, CentOS, Ubuntu.<\/p>\n<p style=\"padding-left: 30px;\"><strong>Microsoft<\/strong>: Server 2003, Server 2008, Server 2012,\u00a0 Server 2016<\/p>\n<hr \/>\n<p><strong><em>Ambiente Client<\/em><\/strong><\/p>\n<p style=\"padding-left: 30px;\"><strong>Linux<\/strong>: Ubuntu Fedora, ambienti grafici KDE e GNOME.<\/p>\n<p style=\"padding-left: 30px;\"><strong>Microsoft<\/strong>: Windows Xp, Windows Vista, Windows 7, Windows 8, 8.1 e Windows 10.<\/p>\n<p style=\"padding-left: 30px;\"><strong>Mac<\/strong>: Mac OSX<\/p>\n<hr \/>\n<p><em><strong>Ambiente Reti<\/strong><\/em><\/p>\n<p style=\"padding-left: 30px;\"><strong>Reti LAN<\/strong>: Cablaggi strutturati, Armadi di commutazione, Switch Managed e Unmanaged.<\/p>\n<p style=\"padding-left: 30px;\"><strong>Reti WAN<\/strong>: Sicurezza Perimetrale, Configurazione Router\/ Firewall, Server Proxy<\/p>\n<p style=\"padding-left: 30px;\"><strong>Reti WiFi<\/strong>: Configurazione reti wireless protette WPA\/ WPA2 PSK, RADIUS.<\/p>\n<p>&nbsp;<\/p>\n","protected":false},"excerpt":{"rendered":"<p class=\"qua-blog-post-description\">&nbsp; L&#8217;elenco riportato rappresenta una parte del CV delle competenze di MCData. Sicuramente vasto, ma non certamente completo. Spesso, per cercare di colpire un punto preciso si sacrifica una visione pi\u00f9 vasta ove si trova una zona grigia, pur se non puntualizzata, comunque appartenente alle competenze MCData, perci\u00f2, se non trovate ci\u00f2 che Vi serve, [&hellip;]<\/p>\n","protected":false},"author":1,"featured_media":325,"parent":0,"menu_order":0,"comment_status":"closed","ping_status":"closed","template":"full-width.php","meta":{"om_disable_all_campaigns":false,"_monsterinsights_skip_tracking":false,"_monsterinsights_sitenote_active":false,"_monsterinsights_sitenote_note":"","_monsterinsights_sitenote_category":0,"jetpack_post_was_ever_published":false,"footnotes":""},"class_list":["post-233","page","type-page","status-publish","has-post-thumbnail","hentry"],"jetpack_sharing_enabled":true,"jetpack_shortlink":"https:\/\/wp.me\/P9p8lv-3L","jetpack_likes_enabled":true,"_links":{"self":[{"href":"https:\/\/www.mc-data.it\/index.php?rest_route=\/wp\/v2\/pages\/233","targetHints":{"allow":["GET"]}}],"collection":[{"href":"https:\/\/www.mc-data.it\/index.php?rest_route=\/wp\/v2\/pages"}],"about":[{"href":"https:\/\/www.mc-data.it\/index.php?rest_route=\/wp\/v2\/types\/page"}],"author":[{"embeddable":true,"href":"https:\/\/www.mc-data.it\/index.php?rest_route=\/wp\/v2\/users\/1"}],"replies":[{"embeddable":true,"href":"https:\/\/www.mc-data.it\/index.php?rest_route=%2Fwp%2Fv2%2Fcomments&post=233"}],"version-history":[{"count":9,"href":"https:\/\/www.mc-data.it\/index.php?rest_route=\/wp\/v2\/pages\/233\/revisions"}],"predecessor-version":[{"id":591,"href":"https:\/\/www.mc-data.it\/index.php?rest_route=\/wp\/v2\/pages\/233\/revisions\/591"}],"wp:featuredmedia":[{"embeddable":true,"href":"https:\/\/www.mc-data.it\/index.php?rest_route=\/wp\/v2\/media\/325"}],"wp:attachment":[{"href":"https:\/\/www.mc-data.it\/index.php?rest_route=%2Fwp%2Fv2%2Fmedia&parent=233"}],"curies":[{"name":"wp","href":"https:\/\/api.w.org\/{rel}","templated":true}]}}